{"id":296,"date":"2022-09-30T13:11:23","date_gmt":"2022-09-30T13:11:23","guid":{"rendered":"https:\/\/wmnc.dnac.org\/2022\/?page_id=296"},"modified":"2022-10-19T14:16:17","modified_gmt":"2022-10-19T14:16:17","slug":"program","status":"publish","type":"page","link":"https:\/\/wmnc.dnac.org\/2022\/program\/","title":{"rendered":"Program"},"content":{"rendered":"\n<p class=\"has-text-align-center\"><mark style=\"background-color:rgba(0, 0, 0, 0)\" class=\"has-inline-color has-very-dark-gray-color\"><strong>Technical Program of the <strong><br><\/strong><\/strong><\/mark><strong>14th IFIP Wireless and Mobile Networking Conference<\/strong><mark style=\"background-color:rgba(0, 0, 0, 0)\" class=\"has-inline-color has-very-dark-gray-color\"><br><\/mark><strong><mark style=\"background-color:rgba(0, 0, 0, 0)\" class=\"has-inline-color has-vivid-cyan-blue-color\">WMNC 2022<\/mark><\/strong><mark style=\"background-color:rgba(0, 0, 0, 0)\" class=\"has-inline-color has-very-dark-gray-color\"><br><strong>October 17-19, 2022 &#8211; Sousse, Tunisia<\/strong><\/mark><\/p>\n\n\n\n<p class=\"has-text-align-center\">*<strong>Timing used is&nbsp;<em>CET\/UTC+1h<\/em><\/strong><\/p>\n\n\n<div class=\"wp-block-image\">\n<figure class=\"aligncenter size-full\"><img loading=\"lazy\" decoding=\"async\" width=\"772\" height=\"598\" src=\"https:\/\/wmnc.dnac.org\/2022\/wp-content\/uploads\/2022\/10\/programWMNC.jpg\" alt=\"\" class=\"wp-image-327\" srcset=\"https:\/\/wmnc.dnac.org\/2022\/wp-content\/uploads\/2022\/10\/programWMNC.jpg 772w, https:\/\/wmnc.dnac.org\/2022\/wp-content\/uploads\/2022\/10\/programWMNC-300x232.jpg 300w, https:\/\/wmnc.dnac.org\/2022\/wp-content\/uploads\/2022\/10\/programWMNC-768x595.jpg 768w\" sizes=\"auto, (max-width: 772px) 100vw, 772px\" \/><\/figure>\n<\/div>\n\n<div id=\"program\" class=\"frame\">\n<table width=\"100%\">\n<tbody>\n<tr>\n<td class=\"programTitleTD\" colspan=\"2\" width=\"100%\">\n<h3 class=\"programTitleH3\"><strong>Day 1 \u2013 Monday, October 17, 2022<\/strong><\/h3>\n<\/td>\n<\/tr>\n<tr>\n<td width=\"20%\">\n<p><strong>Time<\/strong><\/p>\n<\/td>\n<td width=\"80%\">\n<p><strong>Event<\/strong><\/p>\n<\/td>\n<\/tr>\n<tr>\n<td width=\"20%\">\n<p>08:30 &#8211; 09:30<\/p>\n<\/td>\n<td width=\"80%\">\n<p><span style=\"color: #0000ff;\"><strong>Opening Ceremony<\/strong><\/span><\/p>\n<\/td>\n<\/tr>\n<tr>\n<td width=\"20%\">\n<p>09:30 &#8211; 10:30<\/p>\n<\/td>\n<td width=\"80%\">\n<p><span style=\"color: #0000ff;\"><strong>Keynote #1:<\/strong><\/span> <br \/><strong>Chair: <\/strong><em>Prosper Chemouil (CNAM, France) <\/em><\/p>\n<p><strong>Title: <\/strong><em>The implications of Open RAN adoption on AI-driven Management of 5G and Beyond Networks<\/em><br \/><strong>Speaker:<\/strong> Raouf Boutaba (University of Waterloo, Canada)<\/p>\n<\/td>\n<\/tr>\n<tr>\n<td width=\"20%\">\n<p>10:30 \u2013 11:00<\/p>\n<\/td>\n<td width=\"80%\">\n<p><strong>Coffee break<\/strong><\/p>\n<\/td>\n<\/tr>\n<tr>\n<td width=\"20%\">\n<p>11:00 \u2013 12:30<\/p>\n<\/td>\n<td width=\"80%\">\n<p><span style=\"color: #0000ff;\"><strong>Technical Session #1:<\/strong> AI for Networks<\/span><br \/><strong>Chair: <\/strong><em>S\u0142awomir Kukli\u0144ski (Orange Polska and Warsaw University of Technology, Poland)<\/em><strong><br \/><\/strong><\/p>\n<p><strong>Self-Organizing Internet of Multi-RAT Robotic Things Mesh Network<\/strong><br \/><em>Tai M. Ho (\u00c9cole de Technologie Sup\u00e9rieure \u00c9TS, Canada); Kim Khoa Nguyen (Ecole de Technologie Superieure, Canada); Abdo Shabah (HumanITas Solutions, Canada)<\/em><\/p>\n<p><strong><span class=\"papertitle\">Indoor-Outdoor Detection using Time series Classification and User Behavioral Cognition <\/span><\/strong><br \/><em>Sid Ali Hamideche (University of Rennes 1 &amp; Nokia Paris Saclay, France); Marie Line Alberi Morel (Nokia Bell Labs, France); Kamal Singh (Telecom Saint Etienne \/ University Jean Monnet, France); C\u00e9sar Viho (IRISA \/ INRIA Rennes &amp; University of Rennes I, France)<\/em><\/p>\n<p><strong>MCORANFed: Communication Efficient Federated Learning in Open RAN<\/strong> <br \/><em>Amardip Kumar Singh (Ecole de Technologie Superieure &amp; Synchromedia Lab, Canada); Kim Khoa Nguyen (Ecole de Technologie Superieure, Canada)<\/em><\/p>\n<\/td>\n<\/tr>\n<tr>\n<td width=\"20%\">\n<p>12:30 \u2013 14:00<\/p>\n<\/td>\n<td width=\"80%\">\n<p><strong>Lunch break<\/strong><\/p>\n<\/td>\n<\/tr>\n<tr>\n<td width=\"20%\">\n<p>14:00 \u2013 15:00<\/p>\n<\/td>\n<td width=\"80%\">\n<p><span style=\"color: #0000ff;\"><strong>Invited Session #1: <\/strong>Special Session on Network Intelligence (AI for Networks)<\/span><br \/><strong>Chair: <\/strong><em>Weverton Luis da Costa Cordeiro (UFRGS, Brazil)<\/em><strong><br \/><\/strong><\/p>\n<p><strong>Towards AI-assisted Blockchain<\/strong><br \/><em>Moayad Aloqaily (Mohamed Bin Zayed University of Artificial Intelligence (MBZUAI), United Arab Emirates)<\/em><\/p>\n<p><strong>AI-based Self-Optimizing Network<\/strong><br \/><em>Kim Khoa Nguyen (Ecole de Technologie Superieure, Canada)<\/em><\/p>\n<\/td>\n<\/tr>\n<tr>\n<td width=\"20%\">\n<p>15:00 \u2013 15:30<\/p>\n<\/td>\n<td width=\"80%\">\n<p><strong>Coffee break<\/strong><\/p>\n<\/td>\n<\/tr>\n<tr>\n<td width=\"20%\">\n<p>15:30 \u2013 17:00<\/p>\n<\/td>\n<td width=\"80%\">\n<p><span style=\"color: #0000ff;\"><strong>Technical Session #2:<\/strong> Security in Wireless Communications<\/span><br \/><strong>Chair: <\/strong><em>Bruno Sousa (University of Coimbra, Portugal)<\/em><strong><br \/><\/strong><\/p>\n<p><strong>Intelligent Reflecting Surface-based Smart Resource Management in Secure Wireless Communications<\/strong><br \/><em>Nguyen Ti Ti (University of Quebec, Canada); Kim Khoa Nguyen (Ecole de Technologie Superieure, Canada)<\/em><\/p>\n<p><strong>A Wireless Body Area Network of Intelligent Sensors for Biomedical Applications: Design and Performance Analysis<\/strong><br \/><em>Abdelaziz Hamdi (ISITCOM, University of Sousse, Tunisia); Amina Nahali (ISITCOM, University of Sousse, Tunisia); Rafik Braham (ISITC-HS, University of Sousse, Tunisia)<\/em><\/p>\n<p><strong>SecureAoX: A Location Verification System<\/strong><br \/><em>Jakob Schaerer, Antonio Di Maio and Torsten Ingo Braun (University of Bern, Switzerland)<\/em><\/p>\n<\/td>\n<\/tr>\n<tr>\n<td width=\"20%\">\n<p>17:00 \u2013 19:00<\/p>\n<\/td>\n<td width=\"80%\">\n<p><strong>Welcome Reception<\/strong><\/p>\n<\/td>\n<\/tr>\n<\/tbody>\n<\/table>\n<\/div>\n<div id=\"program\" class=\"frame\">\n<table width=\"100%\">\n<tbody>\n<tr>\n<td class=\"programTitleTD\" colspan=\"2\" width=\"100%\">\n<h3 class=\"programTitleH3\"><strong>Day 2 \u2013 Tuesday, October 18, 2022<\/strong><\/h3>\n<\/td>\n<\/tr>\n<tr>\n<td width=\"20%\">\n<p><strong>Time<\/strong><\/p>\n<\/td>\n<td width=\"80%\">\n<p><strong>Event<\/strong><\/p>\n<\/td>\n<\/tr>\n<tr>\n<td width=\"20%\">\n<p>9:00 \u2013 10:30<\/p>\n<\/td>\n<td width=\"80%\">\n<p><span style=\"color: #3366ff;\"><strong><span style=\"color: #0000ff;\">Technical Session #<\/span>3:<\/strong> Services and Networking Security<\/span><br \/><strong>Chair: <\/strong><em>Torsten Ingo Braun (University of Bern, Switzerland)<\/em><strong><br \/><\/strong><\/p>\n<p><strong>Mitigating Yo-Yo attacks on cloud auto-scaling<\/strong><br \/><em>Meraj Mostamand Kashi (Oslo Metropolitan University, Norway); Anis Yazidi (Oslo and Akershus University College, Norway); H\u00e5rek Haugerud (Oslo Metropolitan University, Norway)<\/em><\/p>\n<p><strong>TCI: Trust Context Information for Services<\/strong><br \/><em>Carolina Gon\u00e7alves and Bruno Miguel Sousa (University of Coimbra, Portugal); Nuno Antunes (University of Coimbra &amp; CISUC, Portugal)<\/em><\/p>\n<p><strong>Genetic Algorithms For Tightening Security<\/strong><br \/><em>Fabrizio Palumbo (Oslo Metropolitan University, Norway); Anis Yazidi (Oslo and Akershus University College, Norway); H\u00e5rek Haugerud (Oslo Metropolitan University, Norway)<\/em><\/p>\n<\/td>\n<\/tr>\n<tr>\n<td width=\"20%\">\n<p>10:30 \u2013 11:00<\/p>\n<\/td>\n<td width=\"80%\">\n<p><strong>Coffee break<\/strong><\/p>\n<\/td>\n<\/tr>\n<tr>\n<td width=\"20%\">\n<p>11:00 \u2013 12:30<\/p>\n<\/td>\n<td width=\"80%\">\n<p><span style=\"color: #0000ff;\"><strong>Invited Session #2<\/strong>: Special Session on Future Networks<\/span><br \/><strong>Chair : <\/strong><em>Meriem Kassar (ENIT, Tunisia)<\/em><strong><br \/><\/strong><\/p>\n<p><strong>Data Transmission Optimization Scheme in Tactile Internet-based Fog Computing Applications<\/strong><br \/>Tara Yahyia (Paris-Saclay University, France)<\/p>\n<p><strong>Recommended Practice for SDN-based Middleware for Control and Management of Wireless Networks<\/strong><br \/><em>Hakiri Akram (University of Carthage, Tunisia)<\/em><\/p>\n<p><strong>Paving the way to the Future Networks<\/strong><br \/><em>Hesham Elbakoury (Innovax Technologies, USA)<\/em><\/p>\n<\/td>\n<\/tr>\n<tr>\n<td width=\"20%\">\n<p>12:30 \u2013 14:00<\/p>\n<\/td>\n<td width=\"80%\">\n<p><strong>Lunch break<\/strong><\/p>\n<\/td>\n<\/tr>\n<tr>\n<td width=\"20%\">\n<p>14:00 \u2013 15:00<\/p>\n<\/td>\n<td width=\"80%\">\n<p><span style=\"color: #0000ff;\"><strong>Keynote #2:<\/strong><\/span> <br \/><strong>Chair: <\/strong><em>Moayad Aloqaily (xAnalytics Inc., Canada)<\/em><strong><br \/><\/strong><\/p>\n<p><strong>Title: <\/strong><em>Why 6G has to be a federation of autonomous domains?<\/em><br \/><strong>Speaker:<\/strong> S\u0142awomir Kukli\u0144ski (Orange Polska and Warsaw University of Technology, Poland)<\/p>\n<\/td>\n<\/tr>\n<tr>\n<td width=\"20%\">\n<p>15:00 \u2013 15:30<\/p>\n<\/td>\n<td width=\"80%\">\n<p><strong>Coffee break<\/strong><\/p>\n<\/td>\n<\/tr>\n<tr>\n<td width=\"20%\">\n<p>15:30 \u2013 17:00<\/p>\n<\/td>\n<td width=\"80%\">\n<p><span style=\"color: #3366ff;\"><strong><span style=\"color: #0000ff;\">Technical Session #4<\/span>:<\/strong> Performance of Next Generation Networks I<br \/><\/span><strong>Chair:\u00a0 <\/strong><em>Edmundo Monteiro (Coimbra University, Portugal)<\/em><strong><br \/><\/strong><\/p>\n<p><strong>Energy-efficient deployment of IoT applications in remote rural areas using UAV networks<\/strong><br \/><em>Jaime Gal\u00e1n-Jim\u00e9nez, Alejandro Gonz\u00e1lez Vegas and Javier Berrocal (University of Extremadura, Spain)<\/em><\/p>\n<p><strong>Oblivious TCP Support A Virtual Network Function to Speed Up TCP in Wireless Environments<\/strong><br \/><em>Mohamed Faten Zhani (\u00c9cole de Technologie Sup\u00e9rieure (\u00c9TS Montreal), University of Quebec, Canada); Rihab Boughamoura (ISITCOM University of Sousse, Tunisia); Haythem Yahyaoui (\u00c9TS Montr\u00e9al, Canada); John M Kaippallimalil (Futurewei Technologies Inc., USA); Abbas Kiani (NJIT, USA)<\/em><\/p>\n<p><strong>The DNS to Reinforce the PKIX for IoT Backend Servers: Implementation and Evaluation<\/strong><br \/><em>Ibrahim Ayoub (AFNIC &amp; Universit\u00e9 Paris-Saclay, France); Ga\u00ebl Berthaud-M\u00fcller and Sandoche Balakrichenan (AFNIC, France); Kinda Khawam (Universit\u00e9 de Versailles, France); Benoit Ampeau (AFNIC, France)<\/em><\/p>\n<\/td>\n<\/tr>\n<tr>\n<td width=\"20%\">\n<p>19:00 \u2013 21:00<\/p>\n<\/td>\n<td width=\"80%\">\n<p><strong>Gala Diner<\/strong><\/p>\n<\/td>\n<\/tr>\n<\/tbody>\n<\/table>\n<\/div>\n<div id=\"program\" class=\"frame\">\n<table width=\"100%\">\n<tbody>\n<tr>\n<td class=\"programTitleTD\" colspan=\"2\" width=\"100%\">\n<h3 class=\"programTitleH3\"><strong>Day 3 \u2013 Wednesday, October 19, 2022<\/strong><\/h3>\n<\/td>\n<\/tr>\n<tr>\n<td width=\"20%\">\n<p><strong>Time<\/strong><\/p>\n<\/td>\n<td width=\"80%\">\n<p><strong>Event<\/strong><\/p>\n<\/td>\n<\/tr>\n<tr>\n<td width=\"20%\">\n<p>9:00 \u2013 10:30<\/p>\n<\/td>\n<td width=\"80%\">\n<p><span style=\"color: #3366ff;\"><strong><span style=\"color: #0000ff;\">Technical Session #<\/span>5:<\/strong> Vehicular Networks and Internet of Things <\/span><br \/><strong>Chair: <\/strong><em>Marilia Curado (University of Coimbra, Portugal)<\/em><\/p>\n<p><strong>A New Priority and Satisfaction-based Resource Allocation Algorithm with Mixed Numerology for 5G-V2X communications<\/strong><br \/><em>Khabaz Sehla (Sorbonne, France); Kaouther Ouali (Sorbonne University, France &amp; LIP6, France); Thi Mai Trang Nguyen (Sorbonne Universit\u00e9 &amp; LIP6, France); Guy Pujolle (Sorbonne University, France); El Aoun Moustapha (\u00c9cole Sup\u00e9rieure Polytechnique de Nouakchott, Mauritania); Pedro B. Velloso (Universidade Federal do Rio de Janeiro (UFRJ), France &amp; LIP6, Sorbonne Universit\u00e9, France)<\/em><\/p>\n<p><strong>Multi-Agent Actor-Critic for Cooperative Resource Allocation in Vehicular Networks<\/strong><br \/><em>Nessrine Hammami (\u00c9cole de Technologie Sup\u00e9rieure &#8211; \u00c9TS, Canada); Kim Khoa Nguyen (Ecole de Technologie Superieure, Canada)<\/em><\/p>\n<p><strong>DECONN: Combining Minimum and Neutral Energy Consumption Strategies in IoT Networks<\/strong><br \/><em>Lucas Barbosa (UFPA, Brazil); Bruno L. Dalmazo (Federal University of Rio Grande, Brazil); Weverton Luis da Costa Cordeiro (Federal University of Rio Grande do Sul, Brazil); Roger Immich (Federal University of Rio Grande do Norte, Brazil); Antonio Jorge Gomes Abelem (Federal University of Par\u00e1 &#8211; UFPA, Brazil); Andr\u00e9 Riker (Federal University of Para, Brazil)<\/em><\/p>\n<\/td>\n<\/tr>\n<tr>\n<td width=\"20%\">\n<p>10:30 \u2013 11:00<\/p>\n<\/td>\n<td width=\"80%\">\n<p><strong>Coffee break<\/strong><\/p>\n<\/td>\n<\/tr>\n<tr>\n<td width=\"20%\">\n<p>11:00 \u2013 12:30<\/p>\n<\/td>\n<td width=\"80%\">\n<p><span style=\"color: #3366ff;\"><strong><span style=\"color: #0000ff;\">Technical Session #<\/span>6:<\/strong> Performance of Next Generation Networks II<\/span><br \/><strong>Chair: <\/strong><em>Tara Yahiya (Paris-Saclay University, France)<\/em><\/p>\n<p><strong>A Messaging Strategy based on ITS-G5 for a Bus Blockage Emergency at a Level Crossing<\/strong><br \/>Mayssa Dardour (University of Bordeaux, France); Mohamed Mosbah and Toufik Ahmed (CNRS-LaBRI UMR 5800, University Bordeaux, Bordeaux-INP, France)<\/p>\n<p><strong>Techniques for Realizing Secure, Resilient and Differentiated 5G Operations<\/strong><br \/><em>Hakiri Akram (University of Carthage, Tunisia); Aniruddha Gokhale and Yogesh Barve (Vanderbilt University, USA); Valerio Formicola, Shashank Shekhar and Charif Mahmoudi (Siemens, USA); Mohammad Ashiqur Rahman (Florida International University, USA); Uttam Ghosh (Meharry Medical College, USA); Syed Rafay Hasan and Terry Guo (Tennessee Tech University, USA)<\/em><\/p>\n<p><strong>Improved Preprocessing for Machine Learning Intrusion Detection in IEEE 802.11<\/strong><br \/><em>Peter \u0160krak and Peter Lehoczk\u00fd (Slovak University of Technology, Slovakia); Rastislav Bencel (Slovak University of Technology in Bratislava, Slovakia); Marek Galinski and Ivan Kotuliak (Slovak University of Technology, Slovakia)<\/em><\/p>\n<\/td>\n<\/tr>\n<tr>\n<td width=\"20%\">\n<p>12:30 \u2013 14:00<\/p>\n<\/td>\n<td width=\"80%\">\n<p><strong>Lunch break<\/strong><\/p>\n<\/td>\n<\/tr>\n<tr>\n<td width=\"20%\">\n<p>14:00 \u2013 15:00<\/p>\n<\/td>\n<td width=\"80%\">\n<p><span style=\"color: #0000ff;\"><strong>Keynote #3:<\/strong><\/span> <br \/><strong>Chair: <\/strong><em>Mohamed Faten Zhani (ETS Montreal, Canada)<\/em><strong><br \/><\/strong><\/p>\n<p><strong>Title: <\/strong><em>Novel Index Modulation Techniques for Low-power Ultra-high Data Rate System<\/em><br \/><strong>Speaker:<\/strong> Carlos-Faouzi Bader (Technology Innovation Institute, UAE)<\/p>\n<\/td>\n<\/tr>\n<tr>\n<td width=\"20%\">\n<p>15:00 \u2013 15:30<\/p>\n<\/td>\n<td width=\"80%\">\n<p><strong>Coffee break<\/strong><\/p>\n<\/td>\n<\/tr>\n<tr>\n<td width=\"20%\">\n<p>15:30 \u2013 17:00<\/p>\n<\/td>\n<td width=\"80%\">\n<p><span style=\"color: #3366ff;\"><strong>Distinguished Expert Panel : <\/strong>A Glance into the Future &#8211; Network Technologies, AI and Ethics<br \/><\/span><strong>Chair: <\/strong><em>Prosper Chemouil (CNAM, France)<\/em><strong><br \/><\/strong><\/p>\n<ul>\n<li>\n<h5><strong>Edmundo Monteiro (Coimbra University, Portugal)<\/strong><\/h5>\n<\/li>\n<li>\n<h5><strong>S\u0142awomir Kukli\u0144ski (Orange Polska and Warsaw University of Technology, Poland)<\/strong><\/h5>\n<\/li>\n<li>\n<h5><strong>Kim Khoa Nguyen (ETS Montreal, Canada)<\/strong><\/h5>\n<\/li>\n<\/ul>\n<\/td>\n<\/tr>\n<tr>\n<td width=\"20%\">\n<p>17:00 \u2013 17:30<\/p>\n<\/td>\n<td width=\"80%\">\n<p><strong>Closing Ceremony<\/strong><\/p>\n<\/td>\n<\/tr>\n<\/tbody>\n<\/table>\n<\/div>","protected":false},"excerpt":{"rendered":"<p>Technical Program of the 14th IFIP &hellip; <a href=\"https:\/\/wmnc.dnac.org\/2022\/program\/\">Continue reading <span class=\"meta-nav\">&rarr;<\/span><\/a><\/p>\n","protected":false},"author":1,"featured_media":0,"parent":0,"menu_order":0,"comment_status":"closed","ping_status":"closed","template":"","meta":{"footnotes":""},"class_list":["post-296","page","type-page","status-publish","hentry"],"yoast_head":"<!-- This site is optimized with the Yoast SEO plugin v27.4 - https:\/\/yoast.com\/product\/yoast-seo-wordpress\/ -->\n<title>Program - WMNC 2022<\/title>\n<meta name=\"robots\" content=\"index, follow, max-snippet:-1, max-image-preview:large, max-video-preview:-1\" \/>\n<link rel=\"canonical\" href=\"https:\/\/wmnc.dnac.org\/2022\/program\/\" \/>\n<meta property=\"og:locale\" content=\"en_US\" \/>\n<meta property=\"og:type\" content=\"article\" \/>\n<meta property=\"og:title\" content=\"Program - WMNC 2022\" \/>\n<meta property=\"og:description\" content=\"Technical Program of the 14th IFIP &hellip; Continue reading &rarr;\" \/>\n<meta property=\"og:url\" content=\"https:\/\/wmnc.dnac.org\/2022\/program\/\" \/>\n<meta property=\"og:site_name\" content=\"WMNC 2022\" \/>\n<meta property=\"article:modified_time\" content=\"2022-10-19T14:16:17+00:00\" \/>\n<meta property=\"og:image\" content=\"https:\/\/wmnc.dnac.org\/2022\/wp-content\/uploads\/2022\/10\/programWMNC.jpg\" \/>\n<meta name=\"twitter:card\" content=\"summary_large_image\" \/>\n<meta name=\"twitter:label1\" content=\"Est. reading time\" \/>\n\t<meta name=\"twitter:data1\" content=\"6 minutes\" \/>\n<script type=\"application\/ld+json\" class=\"yoast-schema-graph\">{\"@context\":\"https:\\\/\\\/schema.org\",\"@graph\":[{\"@type\":\"WebPage\",\"@id\":\"https:\\\/\\\/wmnc.dnac.org\\\/2022\\\/program\\\/\",\"url\":\"https:\\\/\\\/wmnc.dnac.org\\\/2022\\\/program\\\/\",\"name\":\"Program - WMNC 2022\",\"isPartOf\":{\"@id\":\"https:\\\/\\\/wmnc.dnac.org\\\/2022\\\/#website\"},\"primaryImageOfPage\":{\"@id\":\"https:\\\/\\\/wmnc.dnac.org\\\/2022\\\/program\\\/#primaryimage\"},\"image\":{\"@id\":\"https:\\\/\\\/wmnc.dnac.org\\\/2022\\\/program\\\/#primaryimage\"},\"thumbnailUrl\":\"https:\\\/\\\/wmnc.dnac.org\\\/2022\\\/wp-content\\\/uploads\\\/2022\\\/10\\\/programWMNC.jpg\",\"datePublished\":\"2022-09-30T13:11:23+00:00\",\"dateModified\":\"2022-10-19T14:16:17+00:00\",\"breadcrumb\":{\"@id\":\"https:\\\/\\\/wmnc.dnac.org\\\/2022\\\/program\\\/#breadcrumb\"},\"inLanguage\":\"en-US\",\"potentialAction\":[{\"@type\":\"ReadAction\",\"target\":[\"https:\\\/\\\/wmnc.dnac.org\\\/2022\\\/program\\\/\"]}]},{\"@type\":\"ImageObject\",\"inLanguage\":\"en-US\",\"@id\":\"https:\\\/\\\/wmnc.dnac.org\\\/2022\\\/program\\\/#primaryimage\",\"url\":\"https:\\\/\\\/wmnc.dnac.org\\\/2022\\\/wp-content\\\/uploads\\\/2022\\\/10\\\/programWMNC.jpg\",\"contentUrl\":\"https:\\\/\\\/wmnc.dnac.org\\\/2022\\\/wp-content\\\/uploads\\\/2022\\\/10\\\/programWMNC.jpg\",\"width\":772,\"height\":598},{\"@type\":\"BreadcrumbList\",\"@id\":\"https:\\\/\\\/wmnc.dnac.org\\\/2022\\\/program\\\/#breadcrumb\",\"itemListElement\":[{\"@type\":\"ListItem\",\"position\":1,\"name\":\"Home\",\"item\":\"https:\\\/\\\/wmnc.dnac.org\\\/2022\\\/\"},{\"@type\":\"ListItem\",\"position\":2,\"name\":\"Program\"}]},{\"@type\":\"WebSite\",\"@id\":\"https:\\\/\\\/wmnc.dnac.org\\\/2022\\\/#website\",\"url\":\"https:\\\/\\\/wmnc.dnac.org\\\/2022\\\/\",\"name\":\"WMNC 2022\",\"description\":\"14th IFIP Wireless and Mobile Networking Conference (IFIP WMNC) \",\"publisher\":{\"@id\":\"https:\\\/\\\/wmnc.dnac.org\\\/2022\\\/#organization\"},\"potentialAction\":[{\"@type\":\"SearchAction\",\"target\":{\"@type\":\"EntryPoint\",\"urlTemplate\":\"https:\\\/\\\/wmnc.dnac.org\\\/2022\\\/?s={search_term_string}\"},\"query-input\":{\"@type\":\"PropertyValueSpecification\",\"valueRequired\":true,\"valueName\":\"search_term_string\"}}],\"inLanguage\":\"en-US\"},{\"@type\":\"Organization\",\"@id\":\"https:\\\/\\\/wmnc.dnac.org\\\/2022\\\/#organization\",\"name\":\"Dnac\",\"url\":\"https:\\\/\\\/wmnc.dnac.org\\\/2022\\\/\",\"logo\":{\"@type\":\"ImageObject\",\"inLanguage\":\"en-US\",\"@id\":\"https:\\\/\\\/wmnc.dnac.org\\\/2022\\\/#\\\/schema\\\/logo\\\/image\\\/\",\"url\":\"https:\\\/\\\/wmnc.dnac.org\\\/2022\\\/wp-content\\\/uploads\\\/2022\\\/03\\\/Logo_DNAC_Haut_Res-768x303-1.png\",\"contentUrl\":\"https:\\\/\\\/wmnc.dnac.org\\\/2022\\\/wp-content\\\/uploads\\\/2022\\\/03\\\/Logo_DNAC_Haut_Res-768x303-1.png\",\"width\":768,\"height\":303,\"caption\":\"Dnac\"},\"image\":{\"@id\":\"https:\\\/\\\/wmnc.dnac.org\\\/2022\\\/#\\\/schema\\\/logo\\\/image\\\/\"}}]}<\/script>\n<!-- \/ Yoast SEO plugin. -->","yoast_head_json":{"title":"Program - WMNC 2022","robots":{"index":"index","follow":"follow","max-snippet":"max-snippet:-1","max-image-preview":"max-image-preview:large","max-video-preview":"max-video-preview:-1"},"canonical":"https:\/\/wmnc.dnac.org\/2022\/program\/","og_locale":"en_US","og_type":"article","og_title":"Program - WMNC 2022","og_description":"Technical Program of the 14th IFIP &hellip; Continue reading &rarr;","og_url":"https:\/\/wmnc.dnac.org\/2022\/program\/","og_site_name":"WMNC 2022","article_modified_time":"2022-10-19T14:16:17+00:00","og_image":[{"url":"https:\/\/wmnc.dnac.org\/2022\/wp-content\/uploads\/2022\/10\/programWMNC.jpg","type":"","width":"","height":""}],"twitter_card":"summary_large_image","twitter_misc":{"Est. reading time":"6 minutes"},"schema":{"@context":"https:\/\/schema.org","@graph":[{"@type":"WebPage","@id":"https:\/\/wmnc.dnac.org\/2022\/program\/","url":"https:\/\/wmnc.dnac.org\/2022\/program\/","name":"Program - WMNC 2022","isPartOf":{"@id":"https:\/\/wmnc.dnac.org\/2022\/#website"},"primaryImageOfPage":{"@id":"https:\/\/wmnc.dnac.org\/2022\/program\/#primaryimage"},"image":{"@id":"https:\/\/wmnc.dnac.org\/2022\/program\/#primaryimage"},"thumbnailUrl":"https:\/\/wmnc.dnac.org\/2022\/wp-content\/uploads\/2022\/10\/programWMNC.jpg","datePublished":"2022-09-30T13:11:23+00:00","dateModified":"2022-10-19T14:16:17+00:00","breadcrumb":{"@id":"https:\/\/wmnc.dnac.org\/2022\/program\/#breadcrumb"},"inLanguage":"en-US","potentialAction":[{"@type":"ReadAction","target":["https:\/\/wmnc.dnac.org\/2022\/program\/"]}]},{"@type":"ImageObject","inLanguage":"en-US","@id":"https:\/\/wmnc.dnac.org\/2022\/program\/#primaryimage","url":"https:\/\/wmnc.dnac.org\/2022\/wp-content\/uploads\/2022\/10\/programWMNC.jpg","contentUrl":"https:\/\/wmnc.dnac.org\/2022\/wp-content\/uploads\/2022\/10\/programWMNC.jpg","width":772,"height":598},{"@type":"BreadcrumbList","@id":"https:\/\/wmnc.dnac.org\/2022\/program\/#breadcrumb","itemListElement":[{"@type":"ListItem","position":1,"name":"Home","item":"https:\/\/wmnc.dnac.org\/2022\/"},{"@type":"ListItem","position":2,"name":"Program"}]},{"@type":"WebSite","@id":"https:\/\/wmnc.dnac.org\/2022\/#website","url":"https:\/\/wmnc.dnac.org\/2022\/","name":"WMNC 2022","description":"14th IFIP Wireless and Mobile Networking Conference (IFIP WMNC) ","publisher":{"@id":"https:\/\/wmnc.dnac.org\/2022\/#organization"},"potentialAction":[{"@type":"SearchAction","target":{"@type":"EntryPoint","urlTemplate":"https:\/\/wmnc.dnac.org\/2022\/?s={search_term_string}"},"query-input":{"@type":"PropertyValueSpecification","valueRequired":true,"valueName":"search_term_string"}}],"inLanguage":"en-US"},{"@type":"Organization","@id":"https:\/\/wmnc.dnac.org\/2022\/#organization","name":"Dnac","url":"https:\/\/wmnc.dnac.org\/2022\/","logo":{"@type":"ImageObject","inLanguage":"en-US","@id":"https:\/\/wmnc.dnac.org\/2022\/#\/schema\/logo\/image\/","url":"https:\/\/wmnc.dnac.org\/2022\/wp-content\/uploads\/2022\/03\/Logo_DNAC_Haut_Res-768x303-1.png","contentUrl":"https:\/\/wmnc.dnac.org\/2022\/wp-content\/uploads\/2022\/03\/Logo_DNAC_Haut_Res-768x303-1.png","width":768,"height":303,"caption":"Dnac"},"image":{"@id":"https:\/\/wmnc.dnac.org\/2022\/#\/schema\/logo\/image\/"}}]}},"_links":{"self":[{"href":"https:\/\/wmnc.dnac.org\/2022\/wp-json\/wp\/v2\/pages\/296","targetHints":{"allow":["GET"]}}],"collection":[{"href":"https:\/\/wmnc.dnac.org\/2022\/wp-json\/wp\/v2\/pages"}],"about":[{"href":"https:\/\/wmnc.dnac.org\/2022\/wp-json\/wp\/v2\/types\/page"}],"author":[{"embeddable":true,"href":"https:\/\/wmnc.dnac.org\/2022\/wp-json\/wp\/v2\/users\/1"}],"replies":[{"embeddable":true,"href":"https:\/\/wmnc.dnac.org\/2022\/wp-json\/wp\/v2\/comments?post=296"}],"version-history":[{"count":18,"href":"https:\/\/wmnc.dnac.org\/2022\/wp-json\/wp\/v2\/pages\/296\/revisions"}],"predecessor-version":[{"id":365,"href":"https:\/\/wmnc.dnac.org\/2022\/wp-json\/wp\/v2\/pages\/296\/revisions\/365"}],"wp:attachment":[{"href":"https:\/\/wmnc.dnac.org\/2022\/wp-json\/wp\/v2\/media?parent=296"}],"curies":[{"name":"wp","href":"https:\/\/api.w.org\/{rel}","templated":true}]}}